s the tens digit of f?
9
Let o(t) = -t**3 - 5*t - 5. Let f be o(4). Let g = 232 + f. What is the units digit of g?
3
Let q = -10570 + 16984. What is the hundreds digit of q?
4
Let v = 1131 + -313. Let q = v + -752. What is the units digit of q?
6
Let h(i) = 90*i**2 + 12*i - 38. Let b(m) = -359*m**2 - 49*m + 150. Let k(x) = 2*b(x) + 9*h(x). What is the tens digit of k(3)?
1
Let t(m) = -66*m + 1089. What is the hundreds digit of t(-63)?
2
What is the units digit of 6*7/(42/(-69))*-103?
7
Suppose 2*q + 87854 - 33740 = 4*w, -5*q - 67635 = -5*w. What is the tens digit of w?
3
Let q = -12077 - -20208. What is the hundreds digit of q?
1
Suppose 2230429 + 206211 = 160*m. What is the hundreds digit of m?
2
What is the units digit of 0 - (3 - 9 - -9) - -7147?
4
Let i be (-36)/(2 - 4) + (-2 - -4). What is the tens digit of (455/(-4))/((-5)/i)?
5
Let d(r) = 288*r**2 + 157*r + 963. What is the units digit of d(-11)?
4
Let r(f) = f - 10. Let v be r(12). Let b(c) = 18*c**2 - 43*c**2 + 26*c**v - 25 + 15*c. What is the tens digit of b(-18)?
2
Let y be (2/(-6))/(-3 - 308/(-105)). Suppose 511 = y*a + 56. What is the tens digit of (-14)/a + 3945/39?
0
Suppose -3*s - o = -2*o - 9469, -o = -5*s + 15785. What is the thousands digit of s?
3
Suppose q + 6*w - 465 = w, 2*q = -w + 975. Suppose 190 = x + q. What is the tens digit of ((-3)/2)/(5/x)?
9
Suppose 3*n - 3 = 0, 7*n = -b + 3*n + 221. Suppose 0 = -9*m + 11*m - 10. Suppose r + 207 = 6*r + 4*o, -m*r + o + b = 0. What is the units digit of r?
3
Suppose 0 = -4*m - 3*s - 278 + 51, 3*m + 4*s + 179 = 0. Let v = -81 - m. Let k = 167 - v. What is the hundreds digit of k?
1
Suppose 134*r + 335608 = -124*r + 286*r. What is the tens digit of r?
8
Let s be 10816/12 - 2/6. Let d = 4724 + -4722. Suppose 3*x + d*x - 4*w = 1140, 0 = -4*x + w + s. What is the hundreds digit of x?
2
Suppose -3*s = 5*s + 24*s - 554560. What is the units digit of s?
0
Let l = 238 + -236. Suppose -2*v - l*o + 410 = 0, 0 = 5*v - 0*o + 2*o - 1034. What is the units digit of v?
8
What is the tens digit of 2/((-27)/(163917/(-2)))?
7
Suppose 103*t = 65*t + 29032. What is the units digit of t?
4
Suppose 0 = m - 4 - 14. Suppose -3*p = 6*p - m. Suppose -w + y = -0*y - 161, -p*y = -w + 163. What is the units digit of w?
9
Suppose -a - 27 = -4*k + 18, 3*k - 110 = 2*a. Let f(r) = r**2 - 6*r - 7. Let z be f(7). What is the tens digit of (-4)/4*a + -1 + z?
6
Let a = -20790 + 36925. What is the tens digit of a?
3
Let z(y) = 116*y**2 - 763*y + 43. What is the tens digit of z(16)?
3
Let k(l) = -l**3 + 14*l**2 - 11*l - 24. Let p = 65 - 52. Let y be k(p). Suppose -9*b + 1169 = -y*b. What is the units digit of b?
7
Let z = 202357 + -140086. What is the units digit of z?
1
Suppose 12*z - 20*z + 2928 = 8*z. What is the units digit of z?
3
Suppose -16*n + 11*n = 9*n - 326074. What is the units digit of n?
1
Let p = 10951 + -3378. What is the hundreds digit of p?
5
Let o be 3*(-4)/6 + -12 + 1. Let n = 24 - o. Suppose -153 - n = -2*x. What is the units digit of x?
5
Let i(w) = 29*w**2 - 14*w**2 - 15 + 4*w - 14*w**2. Let k be i(-6). What is the units digit of (-1285)/(-6) - 2 - k/(-18)?
2
Let j = 68 + -63. Let d be 6/(6/j) + -3. Suppose 2*b - 4*r = 236, -d*r + 0*r = 10. What is the tens digit of b?
0
Let n = -97 + 102. Suppose n*x = -4*f + 3*x + 4, 2*f - 4*x = 22. Let m(g) = 2*g**3 + 5*g**2 + g - 10. What is the units digit of m(f)?
2
Let b = -32243 - -56213. What is the tens digit of b?
7
Suppose -4*f + 3*z = 27, f - 3*z - 35 = -53. What is the units digit of 128/((f/(-4))/(108/24))?
8
Let u(v) be the third derivative of v**4/12 - 26*v**3/3 + 23*v**2. Let c be u(26). What is the units digit of (-2 + (3 - c))/(5/835)?
7
Let f(a) = 9*a - 106. Let h be f(12). Suppose -2*p = -u - 791, -161 - 624 = -h*p - u. What is the hundreds digit of p?
3
Let x be (24/(-28))/(5/(-1085)). Suppose -2*s = 2*r - x, 4*s - 274 = s - 2*r. What is the tens digit of s?
8
Let g(m) = m**3 - 9*m**2 + 5*m - 14. Let j be g(8). Suppose 2*z = 5*z - 228. Let v = j + z. What is the tens digit of v?
3
Suppose 0 = 14*r - 15*r - 15. What is the units digit of (1 - 0) + (r - -666)?
2
Let d(z) = 113*z + 3207. What is the tens digit of d(21)?
8
What is the hundreds digit of (7 + -10 - 16089/(-2)) + (-25)/(-50)?
0
Let v be (-32)/7 - (-4)/7. Let a be 3 + (271 - 3) + v. Suppose -y + a = 2*y. What is the units digit of y?
9
Suppose 3*j = -2*y - 2*y - 639, 4*y = 3*j - 609. Let q = 145 - y. What is the tens digit of q?
0
Suppose -4*o - d + 12780 = 0, -8*d - 12780 = -4*o - 11*d. Let j = 4643 - o. What is the units digit of j?
8
Suppose 5*c = -4*k + 48, 2*c + 15*k - 26 = 10*k. Suppose 3*o + 4*u + 2617 = c*o, -4*u = -o + 517. What is the units digit of o?
5
Suppose -4*b = 2*i - 1452, 3*i - 786 = -2*b + 1380. Suppose -5 = -5*z + i. What is the hundreds digit of z?
1
Let h(w) = 75*w**2 - 2*w + 3. Let p be h(2). Suppose -3*z + 2*u = -4*z + p, -3*z + 2*u + 905 = 0. What is the tens digit of z?
0
Let d(m) = -2*m**2 - 3*m - 5. Let l be d(-2). What is the hundreds digit of (l + 5)/(3/(8973/(-6)))?
9
Suppose -3*c = 3*s + 12, -3*c - 18 = s + 4*s. What is the units digit of ((816/(-9))/c)/((-2)/(-6))?
2
Let z(t) = 870*t**3 - 3*t**2 + 4*t - 2. Let m be z(1). Suppose 5*k - 1111 = m. What is the units digit of k?
6
Let b(s) = -s + 34. Let v be b(5). Let k(n) = -n**3 + 29*n**2 + 14*n + 3. What is the units digit of k(v)?
9
Suppose 0 = 11*u + 1 - 23. Let i be (24/9)/((-3)/(-432)). Suppose u*s = 5*s - i. What is the units digit of s?
8
Let v(i) = 180*i - 2334. Let o be v(13). Let j(h) be the third derivative of h**5/60 + h**4/4 + 2*h**3/3 + h**2. What is the units digit of j(o)?
6
Let k = -169 - -145. What is the hundreds digit of 8/((k/1494)/(4/(-6)))?
3
Suppose -x + 37132 + 230316 = 7*x. What is the thousands digit of x?
3
Let y be (-444)/20 + (-18)/(-15). Let s be (1*-1)/((-2)/96). Let m = s + y. What is the tens digit of m?
2
Suppose 0 = -x - 2*j - 8, 3*x + 2*j - j - 1 = 0. Let v(m) = -5*m - x*m - 8 + 0*m + 5 - m**2. What is the units digit of v(-4)?
9
Let m(n) = n**3 - 12*n**2 - 17*n + 37. Let s be m(13). What is the tens digit of 589 - 7/(-21)*s?
8
What is the tens digit of (13 - -6543)*(0 - 1)/(-1)?
5
Suppose 143*f - 3765957 - 2456810 = 3031192. What is the ten thousands digit of f?
6
Let j(w) = 5*w**2 + 21*w + 10. Let p be j(-9). Suppose -p = -4*r + 18. What is the tens digit of r?
6
Let p(y) = 48*y + 13. Let l be p(7). Suppose l - 69 = -4*t. Let r = -37 - t. What is the units digit of r?
3
Let s be 0/(5 - (-16)/(-4)). Suppose -41*l + 34*l + 714 = s. What is the units digit of l?
2
Let v = -23 - -26. Suppose 5*m - 2*a = -5*a + 31, -2*a = -v*m + 11. Suppose -r + 5*r = -5*f + 232, -5*f + m*r = -250. What is the units digit of f?
8
Suppose 5*g = 4*k - 108 - 51, 0 = -2*k + g + 81. What is the tens digit of k?
4
Let g(n) be the second derivative of 136*n**3/3 - 13*n**2/2 - 3*n + 2. What is the units digit of g(1)?
9
Let u(z) = -369*z**3 + 7*z**2 + 15*z + 19. What is the tens digit of u(-5)?
4
Let p(y) = 33*y**3 + 4*y**2 - 4. Let x be p(-2). Let v = 532 + x. Suppose 2*i + v + 308 = 5*j, -112 = -j - i. What is the tens digit of j?
1
Let s(n) = n**2 + 1. Let x(v) = v**3 + 8*v**2 - 7*v - 29. Let t(l) = s(l) - x(l). Let f = -60 + 52. What is the units digit of t(f)?
8
Suppose -2*y = 187 + 67. Let q = 634 - y. What is the units digit of q?
1
Let h(m) = 84*m**2 - 108*m + 576. What is the tens digit of h(6)?
5
Suppose -10062 + 2714 = -4*z + 5676. What is the tens digit of z?
5
Let o(j) be the third derivative of 0*j + 7/12*j**4 - 1/120*j**6 + 1/6*j**5 - 11*j**2 + 0 - 4/3*j**3. What is the tens digit of o(10)?
3
Let f(r) = 3*r**2 - 11*r - 4. Let l = -54 + 60. Let h be f(l). Suppose -138 = -4*s + h. What is the units digit of s?
4
Let u(v) = v**2 - 14*v + 69. Let g(a) = a**2 - 25*a - 5. Let c be g(26). What is the units digit of u(c)?
6
Suppose -2*w = 2*w + 5*t - 25, 3*t - 18 = -3*w. Suppose j + 33 = w*a, -a - 2*j = -0*a. What is the units digit of 1*766/10 - a/10?
6
Let o(k) = 2*k + 66 - 3*k + 381. What is the units digit of o(0)?
7
Let q be (-4)/(-18) - 2466/162. Let g = 44 + q. What is the units digit of g?
9
Let x = 6 - -18. Suppose 0 = 4*b + 4*s - x, 5*b - 2*s = 10 + 20. Let i(o) = o**2 + 11*o - 14. What is the units digit of i(b)?
8
Sup